ulate the remainder when 1631 is divided by 518/5 - 496/310.
101
Calculate the remainder when 46 is divided by (-216)/9 + 11 - -31.
10
Let r be (2/9)/(38/28386). Suppose 4*f = 5*f - 1, 4*f = 5*x - r. Calculate the remainder when 116 is divided by x.
14
Suppose -46 = -r - o, 2*o + 160 = 3*r + 27. What is the remainder when 156 is divided by r?
21
Let p(z) be the third derivative of 13*z**4/24 - 19*z**3/2 - z**2 + 28*z. Calculate the remainder when p(18) is divided by 37.
29
Let p(l) = -2*l**2 + 77*l - 406. Calculate the remainder when 218 is divided by p(32).
8
Let f = 39 + -39. Suppose f = -b + 22 + 30. Suppose -4*r = -244 + b. Calculate the remainder when r is divided by 17.
14
Let x be -1*6/(350/346 + -1). Let n = 614 + x. What is the remainder when n is divided by (3 + -2)*33*1?
29
Let h = -110 - -136. Calculate the remainder when (-4)/7 + 67770/189 is divided by h.
20
Let g(n) = -7*n - 26. Let j be g(-16). Suppose -h = -44 - j. Suppose 0 = 9*d - 34 - 137. What is the remainder when h is divided by d?
16
Let t = -65 - -113. Let d be 5/(-2)*16/(-10). Suppose -t = -4*q - d*q. What is the remainder when q is divided by 5?
1
Let p be (((-18)/(-8))/3)/((-26)/(-12064)). What is the remainder when p/10 - (-2)/10 is divided by 10?
5
Let m = 45708 - 45558. What is the remainder when 360 is divided by m?
60
Let a = -30 + 43. Let s = 104858 + -104850. Calculate the remainder when a is divided by s.
5
Let n(f) = 35*f + 168. Calculate the remainder when n(9) is divided by 42.
21
Let i(a) = 5*a**3 - 7*a**2 - 63*a + 231. Calculate the remainder when i(8) is divided by 45.
39
Let l(g) = -18*g**2 + 5*g**2 + 15*g**2 + 70 - 11*g. Calculate the remainder when l(0) is divided by 8.
6
Let y(z) = -24*z**3 + 4*z**2 - 13*z - 49. Calculate the remainder when y(-4) is divided by 107.
105
Suppose 0 = -18*b + 107 + 10171. Calculate the remainder when b is divided by 31.
13
Suppose 0 + 28 = h. Suppose -167*l + 170*l = i + 310, -2*l + 225 = 3*i. What is the remainder when l is divided by h?
21
Suppose -2*k - 3*n - 44 = -0*n, 4*k + 102 = n. Let h be 6/8*-4 - (-88)/2. Let g = k + h. Calculate the remainder when 62 is divided by g.
14
Let u(d) = -4*d**3 - 17*d**2 - 2*d - 15. Let p be u(-5). What is the remainder when 2/(-7) - 2734*(-5)/p is divided by 66?
63
Let g(w) = 7*w**2 - 13*w + 21. Let z(p) = -5*p**2 - 25*p - 14. Let l be z(-4). What is the remainder when g(l) is divided by 49?
48
Let l(g) = -g**2 - 6*g + 37. Suppose 10 = 2*y, 4*y - 3*y - 49 = -2*b. Let v = b - 14. Calculate the remainder when l(-6) is divided by v.
5
Let q(z) = z**3 + 26*z**2 + 37*z - 259. What is the remainder when q(-22) is divided by 29?
22
What is the remainder when (-16)/(-12) - (-8176)/42 is divided by 125?
71
Suppose 4*t - 20 = 0, 5*t - t + 65 = o. Let x = -39 + 39. Suppose 270 = 9*w - x*w. Calculate the remainder when o is divided by w.
25
Let b = 4333 - 4308. Calculate the remainder when 65 is divided by b.
15
Let l = 8743 + -8520. What is the remainder when l is divided by 176?
47
Let s(k) = 27*k + 15. Let j(r) = -13*r - 8. Let b(a) = -5*j(a) - 3*s(a). Let c = -4 + 57. What is the remainder when c is divided by b(-2)?
26
Let x = -2865 + 2914. What is the remainder when 512 is divided by x?
22
Suppose 3*z - o + 601 = 5*z, 5*z = -2*o + 1505. Suppose -3*x + 138 + 313 = 5*d, d = -2*x + z. Calculate the remainder when x is divided by 39.
35
Calculate the remainder when 861 is divided by (-224609)/(-2079) + (-2)/54.
105
Calculate the remainder when -14 - 2410/(-10)*2 is divided by 251.
217
Let q(g) = -14*g**3 + 1. Let r(h) = 68*h**3 - h - 5. Let c(d) = -11*q(d) - 2*r(d). Calculate the remainder when 60 is divided by c(1).
3
Let t(s) = -s**3 + 9*s**2 - 10*s - 8. Let l be t(8). Suppose -4*y + 2*b + 24 = 0, -3*y + 5*b + 5 = -27. What is the remainder when l/9*(-9)/6 is divided by y?
0
Let w = 6237 + -6216. Calculate the remainder when 1486 is divided by w.
16
Let z(c) = -c**2 + 20. Let h be z(4). Suppose 5*t = -5*i + 490, -i = -0*t - h*t - 113. Let m = -63 + i. Calculate the remainder when m is divided by 5.
3
Let z = -5726 - -5919. What is the remainder when 400 is divided by z?
14
Let v(m) = m**2 - m + 1. What is the remainder when v(-4) is divided by (-11)/((-198)/24) + (-8)/((-120)/145)?
10
Let j = 4308 - 4300. Let s = 11 + 26. What is the remainder when s is divided by j?
5
Let a = 100 - 99. Calculate the remainder when a/(((-3)/5)/(90/(-10))) is divided by 1*-3*1*-3.
6
Suppose -60*a = -592 + 376 - 2604. What is the remainder when 609 is divided by a?
45
What is the remainder when (243/3)/(-1*4/(-40)*2) is divided by 52?
41
What is the remainder when 1397 is divided by 3/(-9)*7*(-13 - (14 - 12))?
32
Let m(t) = -19*t**2 - 5*t + 2. Let r be m(2). Let n(o) = 3*o - 3. Calculate the remainder when (-3759)/r + 3/(-4) is divided by n(5).
8
Suppose -62*f - 38 + 534 = 0. Let u = -8 - -10. Suppose -u*i - 2 + 24 = 0. What is the remainder when i is divided by f?
3
Suppose 0 = 15*s - 1581 - 2319. Suppose -35*x - s = -45*x. Calculate the remainder when 99 is divided by x.
21
What is the remainder when ((-28070)/(-20)*-4)/(-3 - (-3 - -2)) is divided by 32?
23
Let q(h) = 13*h. Let j be q(-6). Let c = 83 + j. Suppose 0*l - 59 = -2*l - 3*x, -3*x = c*l - 170. Calculate the remainder when 70 is divided by l.
33
Let n(k) = -60*k + 2638. Calculate the remainder when 549 is divided by n(41).
15
Suppose 8887*o - 423 = 8878*o. Suppose -3*f = 4*w - 661 - 265, -4*w + 4*f + 912 = 0. What is the remainder when w is divided by o?
42
Calculate the remainder when (-9506)/7*(-40)/(-32)*2/(-5) is divided by 9.
4
Suppose -2*r + 195 = -5*o, 2*r - 168 = 13*o - 17*o. What is the remainder when 162 is divided by r?
72
Suppose 2145 = 9*f + 363. Calculate the remainder when 215 is divided by f.
17
Let t = 92 + -44. Suppose 2*n - 26 - 4 = -4*o, -t = -4*o + 4*n. Suppose -16 = -7*h + 5. Calculate the remainder when o is divided by h.
0
Calculate the remainder when (-4 + 10/3 - -1) + (-1648)/(-24) is divided by 15.
9
Suppose -7914 = 91*q - 25750. What is the remainder when q is divided by 93?
10
Suppose 5*k - 4*g = 3110, 0 = k - 5*g - 444 - 199. Calculate the remainder when k is divided by 90.
78
Let p be 0 + (-5)/(-10)*(53 + 1). Let y(z) = z**2 - 22*z - 95. Calculate the remainder when 278 is divided by y(p).
38
Let g(s) = -444 + 31*s + 704 - s**2 - 380. Calculate the remainder when 887 is divided by g(26).
7
Calculate the remainder when 199 is divided by 4/72 - 72982/(-468).
43
Suppose 14*r + 10404 = -20*r + 24684. What is the remainder when r is divided by 208?
4
Let y(h) = 4*h**3 - 45*h**2 - 11*h + 59. Calculate the remainder when y(13) is divided by 160.
139
Let r be (129 + -2)/((-1)/(-1)). Suppose -3*f - 135 = -2*v, -111 - r = 5*f + v. Let n = 100 + f. What is the remainder when 104 is divided by n?
51
Let q(b) = b**3 + 9*b**2 + 8*b - 16. Suppose 14*p = -23*p + 3811. Calculate the remainder when p is divided by q(-7).
25
Suppose 0 = -4*a + 5*u + 426 + 71, 5*a = 5*u + 615. Calculate the remainder when 246 is divided by a.
10
Let b(n) = n**3 - 7*n**2 + 3*n + 18. Let x be b(6). Suppose 5*u - 37 = 4*i - 7*i, x = -4*i + 3*u + 30. What is the remainder when 71 is divided by i?
8
Suppose -12*w + 11*w = -78. Let o = -26 - w. Calculate the remainder when (-1)/1*2 - (o - -1) is divided by 26.
23
Let u(y) = -18*y - 265. What is the remainder when u(-20) is divided by 35?
25
Suppose 2*s - 2*n - 113 = -n, 131 = 2*s + 5*n. Let v = 12 + s. Calculate the remainder when v is divided by 18.
16
Let k(v) = -6*v - 42. Let s(f) = -5*f - 42. Let u(a) = 4*k(a) - 5*s(a). Let l(m) = -2*m**2 - 19*m - 20. What is the remainder when u(0) is divided by l(-7)?
12
Suppose h - 352 = -3*h. Suppose 92 = 3*l + 4*s, -82*l - 3*s + 93 = -79*l. What is the remainder when h is divided by l?
24
Let j(n) = 2*n + 5. Calculate the remainder when (3/5 - 93/105)*-133 is divided by j(8).
17
Let f(o) = -184*o - 2489. What is the remainder when 267 is divided by f(-14)?
6
Let f(i) = i - 2. Suppose 12 = 13*m - 79. Suppose 3*b - m*b - 3*w = -14, 0 = -8*w + 16. Calculate the remainder when b is divided by f(3).
0
Suppose -17*z - 7260 = -77*z. Suppose -1677 = -z*s + 118*s. Calculate the remainder when s is divided by 16.
15
Calculate the remainder when 1/2*(-4)/7*(1805 - 30981) 